 number?
False
Is 379280207 a composite number?
False
Is 6628247 prime?
True
Is 10462577 a composite number?
True
Is 218341 composite?
True
Is 126458987 prime?
True
Is 49890773 prime?
True
Is 12840461 prime?
True
Is 11180503 a prime number?
True
Is 21517499 a composite number?
False
Is 621194845 a prime number?
False
Is 2028587 a composite number?
True
Is 219743983 composite?
True
Is 671113477 composite?
False
Is 21543871 composite?
True
Is 11433171 prime?
False
Is 88825913 a prime number?
False
Is 17604359 a composite number?
True
Is 64560401 a composite number?
True
Is 40369139 composite?
False
Is 5838323 composite?
True
Is 87103 prime?
True
Is 10218349 a composite number?
False
Is 1275719 composite?
False
Is 555855661 composite?
False
Is 31131107 composite?
True
Is 12683917 composite?
False
Is 1258487 a prime number?
True
Is 445087 prime?
True
Is 585731 a composite number?
True
Is 434474855 a composite number?
True
Is 1111391 a prime number?
False
Is 93798199 prime?
False
Is 35528557 a prime number?
True
Is 8509493 composite?
True
Is 151360114 composite?
True
Is 268949119 a prime number?
True
Is 4737461 a prime number?
True
Is 6027221 prime?
True
Is 80429 composite?
False
Is 3485263 a composite number?
True
Is 69670031 composite?
False
Is 15580069 composite?
False
Is 1706169 prime?
False
Is 11114843 a composite number?
False
Is 120791111 composite?
True
Is 7318861 a prime number?
False
Is 19408157 a prime number?
True
Is 8550041 prime?
False
Is 60748889 a composite number?
True
Is 18922289 a composite number?
False
Is 60082367 a composite number?
False
Is 211762321 a prime number?
False
Is 14562221 prime?
False
Is 293023 a composite number?
True
Is 1730413 a prime number?
False
Is 1419703 prime?
False
Is 5671531 a prime number?
False
Is 163859851 a composite number?
False
Is 30311899 prime?
False
Is 15124603 composite?
True
Is 275663 composite?
True
Is 135004795 a prime number?
False
Is 97575139 prime?
True
Is 8355031 a composite number?
False
Is 23832409 a composite number?
False
Is 48779393 a prime number?
False
Is 86384703 a composite number?
True
Is 3607063 a prime number?
True
Is 473719 a prime number?
True
Is 459563387 a composite number?
False
Is 929063 composite?
False
Is 147073 composite?
False
Is 12211139 a prime number?
True
Is 9879955 prime?
False
Is 822907135 a prime number?
False
Is 8867153 prime?
True
Is 146111027 composite?
True
Is 5355257 composite?
False
Is 35658263 prime?
True
Is 5580227 a prime number?
True
Is 4094579 a prime number?
True
Is 6257143 prime?
True
Is 1168934443 a composite number?
False
Is 18193561 prime?
True
Is 283170977 prime?
False
Is 97590959 composite?
True
Is 335831 prime?
False
Is 1233734141 composite?
False
Is 724397 composite?
True
Is 1039201 a composite number?
True
Is 1453593 prime?
False
Is 41092787 composite?
False
Is 1849877 a prime number?
True
Is 3201907 a composite number?
True
Is 51918213 a composite number?
True
Is 42849993 a prime number?
False
Is 191080733 a prime number?
False
Is 120410743 a composite number?
False
Is 48600871 a composite number?
True
Is 11685581 a prime number?
True
Is 9592798 a composite number?
True
Is 578971 a prime number?
True
Is 284596901 prime?
True
Is 238113539 a prime number?
True
Is 243833221 prime?
False
Is 686761 a prime number?
True
Is 3298441 prime?
True
Is 33808151 composite?
True
Is 97852997 a composite number?
True
Is 17576114 composite?
True
Is 920783 composite?
False
Is 161996501 composite?
True
Is 8323555 composite?
True
Is 552677 prime?
True
Is 13931297 a prime number?
False
Is 386694689 composite?
True
Is 17697739 composite?
True
Is 30576317 prime?
False
Is 198405629 a prime number?
True
Is 2242586 a composite number?
True
Is 291585029 a prime number?
True
Is 1576931 prime?
True
Is 13510687 a prime number?
True
Is 2140247 a prime number?
False
Is 54569219 a prime number?
True
Is 5251213 prime?
False
Is 765169 prime?
True
Is 11348329 prime?
True
Is 2688299 prime?
True
Is 13586563 composite?
False
Is 3167998 composite?
True
Is 10611221 prime?
True
Is 10746859 a composite number?
True
Is 20447369 a prime number?
True
Is 51371063 a prime number?
True
Is 7885421 a composite number?
True
Is 12287333 a composite number?
False
Is 2205859 a composite number?
True
Is 15154441 a prime number?
False
Is 315522679 a prime number?
True
Is 4736379 prime?
False
Is 477721 a prime number?
True
Is 895049 composite?
False
Is 46626149 prime?
False
Is 24970961 composite?
False
Is 205788337 a composite number?
True
Is 163027265 prime?
False
Is 48671807 composite?
False
Is 26842223 a prime number?
True
Is 2757529 prime?
True
Is 8688991 prime?
True
Is 833319011 a composite number?
True
Is 510157 composite?
False
Is 164698427 a prime number?
True
Is 444583 composite?
True
Is 2233618 a prime number?
False
Is 15341827 a prime number?
True
Is 674903 a prime number?
True
Is 5013391 composite?
True
Is 1096747 prime?
False
Is 1393318 a composite number?
True
Is 171851989 a composite number?
False
Is 3510911 composite?
False
Is 185154479 a composite number?
True
Is 5559449 a composite number?
True
Is 107631203 prime?
True
Is 11320993 prime?
False
Is 257381567 prime?
False
Is 92768743 a prime number?
False
Is 319474327 a composite number?
True
Is 26200849 prime?
False
Is 394948181 a composite number?
False
Is 2540743 a composite number?
False
Is 45586727 a prime number?
False
Is 19279079 a composite number?
True
Is 157733 a composite number?
False
Is 48673 prime?
True
Is 9288083 prime?
False
Is 2729017 a prime number?
True
Is 1958233 a prime number?
True
Is 3299133 a composite number?
True
Is 1578701 a prime number?
True
Is 15715717 a prime number?
False
Is 9479213 composite?
True
Is 2551313 composite?
False
Is 178017013 composite?
True
Is 2681027 composite?
False
Is 2465123 composite?
False
Is 259558891 prime?
True
Is 784171 a composite number?
False
Is 154813781 a composite number?
True
Is 57323273 composite?
True
Is 382963 composite?
True
Is 5481227 composite?
False
Is 207386647 prime?
False
Is 467383611 prime?
False
Is 5221451 prime?
True
Is 75658903 a composite number?
True
Is 4566721 prime?
True
Is 7997387 prime?
True
Is 515210149 a composite number?
True
Is 82995859 a composite number?
False
Is 16245859 a composite number?
True
Is 2033429 composite?
False
Is 1428709 prime?
True
Is 337013 a composite number?
False
Is 9893017 composite?
False
Is 4695311 composite?
False
Is 10157839 a composite number?
False
Is 41992981 prime?
True
Is 146021 composite?
False
Is 667354133 composite?
True
Is 102515701 composite?
True
Is 1786489 a composite number?
False
Is 330001 prime?
False
Is 16042021 a prime number?
True
Is 657973 a prime number?
True
Is 34573321 composite?
False
Is 2786843 composite?
False
Is 85653541 prime?
False
Is 795449 a prime number?
True
Is 4379689 prime?
True
Is 171233939 composite?
True
Is 10535507 a composite number?
True
Is 390577 a prime number?
False
Is 5872639 prime?
False
Is 181214311 prime?
False
Is 364774 a prime number?
False
Is 195070961 composite?
True
Is 215087 a composite number?
False
Is 191951389 a prime number?
False
Is 11454749 a composite number?
False
Is 2454017 a composite number?
True
Is 381287 a composite number?
False
Is 447001 composite?
False
Is 6094553 a composite number?
True
Is 234757949 a prime number?
True
Is 834102377 prime?
True
Is 9731207 composite?
False
Is 7449697 prime?
False
Is 40030007 prime?
False
Is 9356261 a composite number?
True
Is 806105 a composite number?
True
Is 1671473 a prime number?
False
Is 394673 a prime number?
True
Is 984307 composite?
False
Is 5176277 prime?
False
Is 12042913 a composite number?
True
Is 212897 a prime number?
True
Is 2002577 composite?
False
Is 9520583 a prime number?
True
Is 323206123 composite?
True
Is 68759839 composite?
True
Is 1017593 a composite number?
True
Is 3153353 prime?
False
Is 226462483 prime?
False
Is 57759481 a prime number?
False
Is 755391761 a prime number?
False
Is 424313 a composite number?
False
Is 550495693 a prime number?
False
Is 92461417 a prime number?
False
Is 69911 a prime number?
True
Is 11463527 a prime number?
False
Is 26204953 a prime number?
False
Is 14663263 composite?
False
Is 425939 a composite number?
False
Is 12152513 a prime number?
True
Is 49851631 